the prime factors of 157096.
2, 73, 269
List the prime factors of 91518.
2, 3, 7, 2179
What are the prime factors of 10284?
2, 3, 857
What are the prime factors of 14399?
7, 11, 17
List the prime factors of 7596.
2, 3, 211
List the prime factors of 1743.
3, 7, 83
What are the prime factors of 18109?
7, 13, 199
List the prime factors of 7722.
2, 3, 11, 13
List the prime factors of 37316.
2, 19, 491
What are the prime factors of 1132?
2, 283
What are the prime factors of 365?
5, 73
What are the prime factors of 6956?
2, 37, 47
List the prime factors of 13259.
13259
List the prime factors of 3018.
2, 3, 503
List the prime factors of 30183.
3, 10061
List the prime factors of 10901.
11, 991
List the prime factors of 130.
2, 5, 13
What are the prime factors of 51855?
3, 5, 3457
List the prime factors of 101118.
2, 3, 19, 887
List the prime factors of 6795.
3, 5, 151
List the prime factors of 717.
3, 239
List the prime factors of 2350.
2, 5, 47
List the prime factors of 6743.
11, 613
What are the prime factors of 51285?
3, 5, 13, 263
What are the prime factors of 598?
2, 13, 23
What are the prime factors of 102180?
2, 3, 5, 13, 131
List the prime factors of 45232.
2, 11, 257
List the prime factors of 51494.
2, 25747
What are the prime factors of 84802?
2, 109, 389
List the prime factors of 15462.
2, 3, 859
List the prime factors of 7813.
13, 601
What are the prime factors of 5008?
2, 313
List the prime factors of 62204.
2, 15551
What are the prime factors of 7005?
3, 5, 467
List the prime factors of 1301.
1301
List the prime factors of 6391.
7, 11, 83
What are the prime factors of 3714?
2, 3, 619
What are the prime factors of 2353?
13, 181
What are the prime factors of 2192?
2, 137
What are the prime factors of 4730?
2, 5, 11, 43
What are the prime factors of 37098?
2, 3, 229
List the prime factors of 20083.
7, 19, 151
List the prime factors of 11743.
11743
What are the prime factors of 26408?
2, 3301
List the prime factors of 2341.
2341
List the prime factors of 92472.
2, 3, 3853
What are the prime factors of 3309?
3, 1103
What are the prime factors of 39590?
2, 5, 37, 107
List the prime factors of 5665.
5, 11, 103
What are the prime factors of 10176?
2, 3, 53
List the prime factors of 30101.
31, 971
What are the prime factors of 1165?
5, 233
What are the prime factors of 1512?
2, 3, 7
List the prime factors of 10028.
2, 23, 109
List the prime factors of 1755.
3, 5, 13
What are the prime factors of 404?
2, 101
List the prime factors of 10903.
10903
What are the prime factors of 130385?
5, 89, 293
What are the prime factors of 27451?
97, 283
List the prime factors of 767.
13, 59
What are the prime factors of 26088?
2, 3, 1087
What are the prime factors of 69816?
2, 3, 2909
What are the prime factors of 621?
3, 23
List the prime factors of 7374.
2, 3, 1229
What are the prime factors of 129?
3, 43
List the prime factors of 48107.
73, 659
List the prime factors of 45645.
3, 5, 17, 179
What are the prime factors of 60708?
2, 3, 5059
What are the prime factors of 9830?
2, 5, 983
List the prime factors of 1665.
3, 5, 37
What are the prime factors of 926?
2, 463
List the prime factors of 4786.
2, 2393
List the prime factors of 460.
2, 5, 23
What are the prime factors of 102853?
163, 631
List the prime factors of 2107.
7, 43
List the prime factors of 247.
13, 19
What are the prime factors of 30116?
2, 7529
List the prime factors of 1019.
1019
List the prime factors of 42435.
3, 5, 23, 41
What are the prime factors of 236?
2, 59
List the prime factors of 5928.
2, 3, 13, 19
What are the prime factors of 31075?
5, 11, 113
What are the prime factors of 7674?
2, 3, 1279
List the prime factors of 228.
2, 3, 19
List the prime factors of 1102.
2, 19, 29
List the prime factors of 14458.
2, 7229
List the prime factors of 86825.
5, 23, 151
List the prime factors of 8369.
8369
List the prime factors of 10684.
2, 2671
List the prime factors of 28093.
13, 2161
List the prime factors of 37108.
2, 9277
List the prime factors of 2610.
2, 3, 5, 29
What are the prime factors of 14308?
2, 7, 73
List the prime factors of 50321.
50321
List the prime factors of 37616.
2, 2351
List the prime factors of 39639.
3, 73, 181
List the prime factors of 696.
2, 3, 29
What are the prime factors of 1777?
1777
What are the prime factors of 4430?
2, 5, 443
List the prime factors of 932.
2, 233
List the prime factors of 145568.
2, 4549
List the prime factors of 1486.
2, 743
List the prime factors of 2182.
2, 1091
List the prime factors of 6217.
6217
List the prime factors of 587.
587
List the prime factors of 3790.
2, 5, 379
What are the prime factors of 6514?
2, 3257
What are the prime factors of 48220?
2, 5, 2411
List the prime factors of 499.
499
What are the prime factors of 948?
2, 3, 79
What are the prime factors of 2850?
2, 3, 5, 19
List the prime factors of 8614.
2, 59, 73
List the prime factors of 12313.
7, 1759
List the prime factors of 57.
3, 19
What are the prime factors of 1637?
1637
What are the prime factors of 11974?
2, 5987
What are the prime factors of 9104?
2, 569
List the prime factors of 4424.
2, 7, 79
What are the prime factors of 171?
3, 19
What are the prime factors of 82032?
2, 3, 1709
What are the prime factors of 76362?
2, 3, 11, 13, 89
What are the prime factors of 29374?
2, 19, 773
List the prime factors of 9713.
11, 883
List the prime factors of 1462.
2, 17, 43
What are the prime factors of 22458?
2, 3, 19, 197
List the prime factors of 466.
2, 233
What are the prime factors of 1153?
1153
What are the prime factors of 22889?
47, 487
What are the prime factors of 590?
2, 5, 59
List the prime factors of 8497.
29, 293
List the prime factors of 36622.
2, 18311
What are the prime factors of 5540?
2, 5, 277
List the prime factors of 78657.
3, 157, 167
What are the prime factors of 4002?
2, 3, 23, 29
What are the prime factors of 90438?
2, 3, 15073
What are the prime factors of 2640?
2, 3, 5, 11
What are the prime factors of 592?
2, 37
What are the prime factors of 1070?
2, 5, 107
List the prime factors of 14224.
2, 7, 127
List the prime factors of 1886.
2, 23, 41
What are the prime factors of 7738?
2, 53, 73
List the prime factors of 3571.
3571
What are the prime factors of 29723?
29723
What are the prime factors of 26577?
3, 2953
What are the prime factors of 72?
2, 3
List the prime factors of 7417.
7417
What are the prime factors of 1661?
11, 151
What are the prime factors of 11699?
11699
List the prime factors of 35641.
29, 1229
What are the prime factors of 46791?
3, 1733
What are the prime factors of 2673?
3, 11
What are the prime factors of 3297?
3, 7, 157
List the prime factors of 2060.
2, 5, 103
List the prime factors of 967.
967
List the prime factors of 16044.
2, 3, 7, 191
What are the prime factors of 14987?
7, 2141
List the prime factors of 10596.
2, 3, 883
List the prime factors of 629.
17, 37
List the prime factors of 1122.
2, 3, 11, 17
What are the prime factors of 1451?
1451
What are the prime factors of 2196?
2, 3, 61
What are the prime factors of 8?
2
List the prime factors of 7881.
3, 37, 71
List the prime factors of 2201.
31, 71
List the prime factors of 1285.
5, 257
List the prime factors of 3826.
2, 1913
What are the prime factors of 994?
2, 7, 71
List the prime factors of 65687.
65687
What are the prime factors of 38031?
3, 7, 1811
What are the prime factors of 3725?
5, 149
List the prime factors of 2024.
2, 11, 23
List the prime factors of 9868.
2, 2467
What are the prime factors of 11542?
2, 29, 199
What are the prime factors of 1546?
2, 773
What are the prime factors of 589?
19, 31
List the prime factors of 6511.
17, 383
List the prime factors of 55832.
2, 7, 997
What are the prime factors of 44295?
3, 5, 2953
List the prime factors of 2236.
2, 13, 43
List the prime factors of 665.
5, 7, 19
List the prime factors of 955.
5, 191
List the prime factors of 52923.
3, 13, 23, 59
List the prime factors of 2578.
2, 1289
What are the prime factors of 1535?
5, 307
List the prime factors of 319.
11, 29
List the prime factors of 13263.
3, 4421
What are the prime factors of 2907?
3, 17, 19
List the prime factors of 99740.
2, 5, 4987
What are the prime factors of 70227?
3, 17
List the prime factors of 6280.
2, 5, 157
What are the prime factors of 17439?